 digit of c?
2
What is the units digit of 25/(-40)*-4*4?
0
Let t(o) = 4*o - 12. Let p be t(4). Suppose s = -p*s + 10, -3*s = -4*c + 1042. What is the tens digit of c?
6
Let d(w) = 10*w**2 - 7*w + 5. Let u be d(4). Let i = -61 + u. Suppose i = 3*y + y. What is the units digit of y?
9
Suppose 290 = -5*l + 1150. Suppose l = 2*x + 5*f, 4*f + 152 = 2*x - f. What is the tens digit of x?
8
Let t = 30 + 57. What is the units digit of t?
7
Let p(r) = r**3 + 20*r**2 - 25*r + 53. What is the tens digit of p(-19)?
8
Let k be (0 - 1)/(0 + 2/(-260)). Let j = -40 + k. What is the tens digit of j?
9
Let o = 229 - 119. What is the hundreds digit of o?
1
Let h(c) = -c**2 - 1. Let f(v) = -29*v**2 + 6*v + 1. Let y(n) = -f(n) + 4*h(n). What is the units digit of y(-1)?
6
What is the hundreds digit of (5941 - (-48)/(-8)) + -3?
9
Let h(i) = 73*i + 948. What is the units digit of h(43)?
7
Let q be 60/75*15/(-2). Let k be 1/q*3*0. Suppose k = -0*t - 4*t + 28. What is the units digit of t?
7
Suppose -2*z + 5923 = -3*q, -z - 50*q + 2972 = -55*q. What is the tens digit of z?
5
Suppose i + 0 = 5, -3*a = -5*i - 152. What is the units digit of a?
9
Suppose -2*a + 225 = 3*o + 2*o, -5*o = 3*a - 350. Let l = -44 + a. What is the units digit of l?
1
Suppose -2*p = -1414 - 246. What is the hundreds digit of p?
8
Let b be ((-8)/(-2))/(-2) + -21 + 103. Let u = b + -56. What is the units digit of u?
4
Let a be (-4 - 30/(-9)) + 484/6. Let c = a - -112. What is the units digit of c?
2
Let t(k) = k**3 - 11*k**2 - 8. Let r be t(11). What is the tens digit of 180/(-16)*r/(-12)*-6?
4
Let q(m) = 21*m**2 - 18*m - 42. What is the units digit of q(-6)?
2
Let s(u) = u**3 + 8*u**2 + 2*u + 14. Let d be s(-8). Let k(i) = 7*i**2 + i + 3. What is the tens digit of k(d)?
2
Let o = -91 - -19. Let q = 112 + o. What is the tens digit of 290/4*q/50?
5
Let t(d) = -d**2 - 8*d + 9. Let j be (-286)/33 - 1/3. Let v be t(j). Suppose v*o + 3*o - 57 = 0. What is the tens digit of o?
1
Let n = -888 - -2852. What is the thousands digit of n?
1
Let z be -3 - 7/((-28)/(-48)). Let s = 99 + -63. What is the units digit of (s/z)/(3/(-15))?
2
Suppose -5*r + 0*r - 227 = -3*b, -5*b + r + 371 = 0. Suppose 13 + b = 3*l. What is the units digit of l?
9
Let f(x) = -5*x - 35. Let a be f(-6). What is the tens digit of 1292/24 + a/(-30)?
5
Suppose 3*i = -2*w + 8, 0 = -3*i - w + 9 + 1. Suppose i*t - 963 = -95. What is the tens digit of t?
1
Let c(i) = 2*i - 1. Let l be c(5). Let z = l + -2. What is the units digit of z + 1 + -4 + 3?
7
Let y(c) = 6 + 13*c**2 + 1 + 1 - 12*c**2 + 16*c. What is the units digit of y(-18)?
4
Let v(h) = 2*h**2 + 6*h + 1. Let q be v(-4). Suppose -6*p = -9*p + q. Suppose 4*n + 107 = p*w, -2*n - 39 = -0*w - w. What is the units digit of w?
9
Suppose -15 = -5*f + 2*f, 0 = 5*a - f - 15. Suppose z - 27 = -a. What is the units digit of z?
3
Let t(d) = -d**2 - 6*d - 5. Let l be t(-6). Let g = 552 - 540. Let h = g - l. What is the units digit of h?
7
Let j = -427 + 712. What is the units digit of j?
5
Suppose 0 = -45*i + 37411 + 80534. What is the hundreds digit of i?
6
Let g be (12/8 + -2)*4. Let l be 1*g - (2 - 6). Suppose 0 = -l*r - 4*f + 58, 0 = -2*f + 2 - 0. What is the units digit of r?
7
Suppose -9*z - 10 = -3*d - 11*z, -4*d - 5*z + 18 = 0. What is the tens digit of (-1872)/9*3/(-1 - d)?
0
Suppose 0 = -9*z + 4244 + 553. What is the hundreds digit of z?
5
Suppose 1611 = 2*s + 3*z, -s - 3*z + 300 = -501. What is the tens digit of s?
1
Let n(m) = -m**3 - 3*m**2 + 14*m + 22. Let i be ((-28)/6)/(34/51). What is the tens digit of n(i)?
2
Suppose 10*g = 6*g + 8. Suppose i - 19 = -4*s + 4, -4*i + g*s = -164. What is the tens digit of i?
3
Suppose 1 - 13 = -2*g. Let m(z) = -7*z**2 + 6*z - 15. Let q(y) = 6*y**2 - 7*y + 14. Let d(k) = -5*m(k) - 6*q(k). What is the units digit of d(g)?
7
Let c(x) = -x + 4. Let q be c(4). Suppose -3*y - 2*y + 185 = q. What is the units digit of y?
7
Let c(q) = 2*q - q - 7*q**2 + 4 + 4*q**2 - 5*q**3. What is the units digit of c(-3)?
9
Suppose -3*t + 120 = -t. Let z be -1 + -2 + 0 + 3. Suppose z = 6*m - 2*m - t. What is the units digit of m?
5
Let t = 69 - -33. What is the units digit of t?
2
Suppose 0 = 3*b - 8*b + 270. Let m be 82 + ((-2)/(-2))/((-3)/(-6)). Suppose 3*t - b = 3*d, 4*t = -d - d + m. What is the units digit of t?
0
Let t be ((-56)/(-12) + -2)/((-2)/(-60)). Suppose -v - 3*g = -0*v - t, -2*v = -3*g - 151. What is the units digit of v?
7
Let q = 897 - 490. What is the tens digit of q?
0
Let o(y) = 65*y**2 + 10*y - 92. What is the tens digit of o(6)?
0
Let k be 9 + -6 + (96 - -1). Suppose 0 = 10*y - k - 690. What is the units digit of y?
9
Suppose l - 151 = -4*c, -2*l + 6*c - 4*c + 292 = 0. What is the units digit of (-4)/2 + l - -3?
8
Let i(m) = 2*m + 2. Let t be i(5). Suppose 3*c + 127 = -4*x, x - c + 11 + t = 0. Let h = -8 - x. What is the tens digit of h?
2
Suppose -7*t + 4*t + 3*y + 2907 = 0, -2*y - 973 = -t. What is the hundreds digit of t?
9
Let h = 891 + -407. Suppose -21*f = h - 2773. What is the tens digit of f?
0
What is the tens digit of -2 + (-3510)/(-10) - 7?
4
Let a(n) = 11*n**2 + 31*n - 7. What is the hundreds digit of a(-11)?
9
Let b be (-8 - 8/(-2)) + (0 - -8). Suppose -b*r + 954 = -106. What is the tens digit of r?
6
Let f(r) = r**3 + 9*r**2 - 10*r + 4. Let l(n) = n**3 + 12*n**2 + 12*n + 1. Let o be l(-11). Let z be f(o). What is the tens digit of ((-42)/z)/(1/(-2))?
2
Let y(r) = -r**2 + r + 378. Let a be y(0). Let b = a - 268. What is the tens digit of b?
1
Suppose 4*g - 3 = f - 0*g, -4*f + 3*g = 12. What is the tens digit of 4 - -12*(5 + f)?
2
Suppose 0 = -2*u - 5*k + 29, 2*u - u = 4*k - 18. Suppose -u = -c + 7. What is the units digit of c?
9
Suppose 6*y = 11*y - 25. Suppose 0 = y*j + 5*d - 1070, 488 + 564 = 5*j - 4*d. What is the units digit of j?
2
Let w(g) = g**3 + 12*g**2 + 10*g + 4. Let c be w(-11). Suppose 2*s = n - 5, -3*n - 3*s + c = -0*s. Suppose 6*k = n*k + 81. What is the units digit of k?
1
Let y(l) = -11*l**3 + 2*l**2 + l + 3. Let g be y(-2). Suppose 0 = 5*r + x - g - 550, 0 = -2*x + 4. What is the tens digit of r?
2
Let p = 503 + -265. Let a = p + -130. What is the hundreds digit of a?
1
Let q(w) = -w - 2. Let k be q(-5). Let p be 2*(k + -2 - -40). Suppose -7 + p = 5*z. What is the tens digit of z?
1
What is the tens digit of 4*(4 + (-25)/6)*-4716?
4
Let h = 13 + -11. Let w(k) = -k + 2. Let m be w(-6). Suppose -m = -h*n - 0. What is the units digit of n?
4
Let o(w) = -279*w + 23. What is the tens digit of o(-2)?
8
Let x(k) = k**2 - 2*k - 6. Let l be x(3). Let u = 7 + l. Suppose 43 = u*q - 4*r - 45, 5*r = -q + 46. What is the units digit of q?
6
Suppose 5*d - 4*d - 37 = 2*x, -4*d + 3*x = -128. Suppose -d = -4*a + 23. Suppose -a*n = -17*n + 32. What is the units digit of n?
8
Let n(b) = -1280*b + 5. What is the tens digit of n(-1)?
8
Suppose i + 4*u - 13588 = -3*i, -5*u = i - 3389. What is the tens digit of i/39 - (-4)/(-26)?
8
Suppose -15 = -0*t - 5*t. Suppose 0 = 2*p - z - 193, 10*p + t*z = 6*p + 411. What is the tens digit of p?
9
Let v(n) = 3*n**3 - 2*n**2 - 3. Let b be v(2). Suppose 40 - b = a. What is the units digit of a?
7
What is the units digit of ((-616)/24)/((-1)/3) - -4?
1
Let m be ((-21)/(-14))/(1/(-16)). Let w = -19 - m. Suppose -w*b + 201 = -19. What is the tens digit of b?
4
Let o(i) = i**2 - 6*i - 8. Let x be o(6). Let s be x/(-10)*(-585)/6. What is the units digit of (-3)/(-2) + s/(-4)?
1
Let v(y) = -19*y - 20 - 6 + 24*y. What is the units digit of v(6)?
4
Let u = -6 - -49. Suppose i - 2*f - 1 = u, 5*i - 185 = 3*f. What is the tens digit of i?
3
Let d = 670 - 113. What is the tens digit of d?
5
Suppose -60 = -0*j - 3*j. Let t be (3 + (-28)/12)/(6/18). Let k = t + j. What is the units digit of k?
2
Let a be -3*(-2 - (-24)/(-9)). Suppose 0 = 5*y - a - 11. Suppose 35 = y*z - 35. What is the tens digit of z?
1
Let d(c) = 3 - 20*c - 240*c**3 - 240*c**3 + 14*c**2 + 479*c**3. What is the tens digit of d(9)?
2
Let q = -192 - -399. What is the hundreds digit of q?
2
Let w be (-6978)/(-21) + (-2)/7. What is the tens digit of (-5)/(-10) + w/8?
4
Let n(s) = -16*s - 10. Suppose 0 = -5*f - 6 + 16, 2*h + 5*f = 2. What is the tens digit of n(h)?
5
Suppose 4*x = -2*l + l - 17, 4*l - 37 = 5*x. What is the units digit of l?
3
Suppose